- 2) + (8 - (12 - (-13 - -16)))?
6
(14 - 5 - 11) + -24 + 35
9
What is the value of -13 - (11 + (-19 - -4))?
-9
Calculate 5 + 0 - (-1 - -3 - (0 + -5)).
-2
What is -3 - (-5 + 7 + -6 + 6 + 3)?
-8
Evaluate (164 - 155) + 10 + 0.
19
What is the value of -5 + 21 + (-3 - -1)?
14
-1 + 2 + 9 + (-2 - 4) - 6
-2
What is the value of 6 + -14 + -12 + 12 + 10?
2
Calculate 6 + 1 - (-340 + 336).
11
What is 6 + -2 + (-5 - -5) + (4 - -1)?
9
7 - ((5 + 1 - (5 + -4)) + -7)
9
What is (-1 + 11 - (28 - 57)) + -11?
28
Evaluate 2 + (-7 - (1 + (-15 - -8))) + 0.
1
What is -70 + 67 + (-2 - -1) + -6?
-10
What is -1 - (-16 - -2) - (38 + -27)?
2
Calculate (-2 - 23) + (-184 - -200).
-9
What is 8 + 1 - 11 - -8?
6
What is the value of (-56 + 34 - -4) + -1?
-19
What is (12 - (-11 + 26)) + -10?
-13
Calculate -37 - (-65 - (31 + -41)).
18
What is the value of -23 + (-2 - (-7 - 3 - -12) - -13)?
-14
-1 + -7 + 1 - (1 + -1)
-7
Evaluate -5 - (-1 + 8 + -4 + -5).
-3
What is the value of (-52 - -48) + (-4 - -1 - 2)?
-9
What is the value of 7 - ((6 - (1 + 14)) + 32)?
-16
Calculate -8 + ((11 - 17) + -1 - (-2 + -1)).
-12
What is 33 - 20 - 21 - 10?
-18
What is 23 + (0 - 18) - (1 - 2 - -12)?
-6
Calculate -17 - (28 - 3 - 17 - 15).
-10
What is the value of 5 - (-2 + 5 + 8 + 0 - 7)?
1
What is -1 + (-4 - -3) + -6 + -1?
-9
What is the value of -22 - (-34 + -36 + 35)?
13
Calculate -23 + 7 + -36 + 3 + 20.
-29
What is -6 - ((-4 + 1 - -4) + 18 + -12)?
-13
(3 - (1 - 0) - (27 + -26)) + -16
-15
What is (9 - (2 - -3 - -7)) + -8 + -1?
-12
Calculate 7 - (-7 - (-2 + 13 + -7)).
18
Calculate (0 + -12 - (-26 + 18)) + 0 + 2.
-2
What is the value of -39 + 0 + 54 + 14?
29
Evaluate -1 + -16 - ((-15 - -4) + 19 + -16).
-9
Calculate -31 + 32 - (13 - -5).
-17
-7 - (-7 - (30 - 41))
-11
What is the value of (-30 - (-50 + 24)) + 30?
26
Calculate -9 + 12 + -28 + 16 - (-3 + 0).
-6
Calculate -7 + (7 - 2 - 1) + (-2 - -5).
0
Evaluate (-2 + 4 - -3) + (-2 - (9 + 1)).
-7
Evaluate 12 + (15 - 23 - 17).
-13
Evaluate (-3 - ((-11 - (-10 - 0)) + -5)) + -26.
-23
-1 + 2 + -2 - (381 - 393)
11
What is 0 + -33 + 708 + -689?
-14
What is (0 + (2 - 7) - -1 - 0) + 8?
4
Evaluate 10 + -13 + 22 + (6 - 7).
18
What is -8 + 0 + (-79 - -87) + 2 + -6?
-4
What is -23 + (25 - -13) + -15?
0
What is (0 - -4) + (-849 - -876)?
31
46 + -40 - (3 - (2 - (-3 + 7)))
1
Evaluate (2 - 4) + (-6 + -5 - -16).
3
Evaluate 6 - 14 - -10 - (24 - (-12 + 8)).
-26
What is the value of -1 + -1 - (19 - 13) - 3?
-11
Calculate (-20 - (-38 + 70)) + 36.
-16
What is -2 + -2 + (-95 - -84)?
-15
Evaluate -12 - (6 - (7 + (-11 - -4) + 7)).
-11
Calculate 23 + (-31 - (32 - 40)).
0
2 + -12 + (-28 - -12 - 6 - -40)
8
What is the value of 14 - 41 - -8 - -33?
14
Evaluate (-3 - 12) + (25 - 9).
1
What is the value of (6 - 1) + -5 - -18?
18
What is 13 - (-13 - ((5 - 16) + 1))?
16
What is the value of (7 - 13) + 34 + (1 - (20 - 9))?
18
(-12 - -20 - 17 - -6) + -4
-7
Evaluate 4 + (25 - 7) + -5 - (2 - 0).
15
Evaluate -5 + (15 + 19 + -36 - (-7 - 1)).
1
Evaluate (63 - 79) + 25 + 3.
12
What is (1 - 10) + (11 - 0 - -2)?
4
-17 + (12 - 13) + -10 + 2 + 4
-22
What is 6 + 20 + -1 - 1 - 7?
17
Evaluate (25 - (-31 - -35)) + -12.
9
What is the value of 11 + (14 - 24 - (-2 - 2)) + 18?
23
Calculate (-2 - -14) + (-29 - -9).
-8
What is the value of (1 + 27 - (36 - 20)) + 7?
19
Evaluate 3 - (-12 + 11 - 0).
4
32 + -10 + -2 - 47
-27
-122 + 138 - (36 - 0)
-20
Evaluate (-3 - 9) + (7 - 16 - -28).
7
(-7 - -26) + (-43 - -1)
-23
Evaluate (56 - (14 - -47)) + -21 + 2.
-24
-11 - (-13 - (-6 + 5))
1
-9 + (1 + 5 + 7 - -2) + 5
11
Calculate 0 + (9 + -3 - 0) + -1 - 8.
-3
What is -10 + (-8 - -29) + (-43 - -3)?
-29
What is the value of (-6 - -9) + -12 + (-3 - -10)?
-2
Calculate 57 + -57 - (-22 - (-6 - (-3 + -1))).
20
Calculate 14 - (-8 + (24 - (25 + -11))).
12
What is 5 + (-49 - -48) + (-1 + -9 - -3)?
-3
What is -22 - (-4 - -2 - -5) - -6?
-19
Evaluate (2 + -13 - -37) + -27.
-1
Evaluate -2 - (-1 + -1) - (5 + -7 + 9).
-7
Calculate 3 + 7 + -30 + 9.
-11
What is -13 + 11 + -2 + 2 + 5?
3
Evaluate (-7 - 1) + (12 - (-8 + 12)).
0
Calculate -2 - (11 + -11 + -8).
6
Calculate 11 - (-11 + (0 - -10)).
12
Calculate 35 + -2 + 0 + (-26 - -14).
21
Evaluate -5 + (2 - -7) + 2 + 3 + 0.
9
What is 1 + -6 + (-11 - 5) + 22 + -3?
-2
What is the value of -2 - (-13 - -44) - -26?
-7
-1 - (-6 + 1 + 13)
-9
-73 + 70 + 4 + -2 + -6 - -6
-1
What is the value of 1 + -17 + -14 + 19?
-11
Calculate 1 + 1 - (-32 + 13 + 15).
6
Calculate (20 - (14 + 2)) + (-1 - 3) - -1.
1
What is (-5 - (-8 - -5)) + 7 + -5 + 0?
0
Evaluate 1 + -1 + 17 - 36.
-19
-6 + (0 + 13 - (-1 + 3)) + -5
0
5 - (14 + 19 + -11)
-17
What is the value of ((-4 - 0) + 29 + -27 - 6) + 6?
-2
Calculate (-5 - (5 - 7)) + 74 + -57.
14
Calculate 6 - (0 - ((7 - 2) + 9)).
20
What is the value of (5 - 6) + 3 + -2 + (-11 - -17)?
6
What is the value of -13 + (-13 + 3 - -16) - (-6 + 3)?
-4
Calculate -38 + (-2 - (12 + -22)).
-30
Calculate 2 + (-1 - (11 - 8) - -3).
1
Calculate (3 - 19) + 22 + -13.
-7
Evaluate 4 + 2 + (4 + (7 - 17) - 3).
-3
What is the value of (2 - (-2 - -18)) + -7 + 9 + 0?
-12
What is -26 + 22 + 3 + (0 - -14) + 0?
13
Evaluate (-10 - 0) + (-22 + 5 - (25 + -27)).
-25
What is the value of 3 - (-17 + 7 + 27)?
-14
Calculate -15 + (-3 + -15 + 11 + 9 - 6).
-19
What is the value of -3 + -9 + (-104 - -118)?
2
Evaluate (-11 - -60) + -30 - (-6 - 2).
27
Calculate 9 + -19 + 2 + 2 + 16.
10
Calculate (-24 - 0) + 51 + -41.
-14
5 + (-12 - -7) + 22 - 6
16
What is the value of -8 + -3 + 2 + (-5 - -5) + -2?
-11
What is -3 - -5 - (5 - 0 - (-50 - -70))?
17
Evaluate -4 - (7 - 2 - -1) - 3.
-13
Evaluate -3 - (-1 - -1 - (-7 + (-5 - -12))).
-3
-19 + 11 + 11 + 5 + -2 + -1
5
Evaluate 127 + -134 - (0 + 0).
-7
What is -13 + 7 + -1 + -6?
-13
-3 + (-45 - -15) - -18
-15
Calculate -8 + 5 + -6 + -7 + 1.
-15
Evaluate -1 + 4 - (-10 - (6 - (4 + 10))).
5
Evaluate -29 + (9 - (-8 - -8) - 5).
-25
What is the value of -2 + (-7 - -2) + 5 - (-8 + 5)?
1
What is the value of 26 + -24 - (-7 + 8 + 10)?
-9
Calculate -33 + 33 - (-8 - (-8 - 9)).
-9
Calculate 4 - (20 + -3 + 1).
-14
Evaluate 26 - (-9 + 7 + 23).
5
What is the value of 2 + (-15 - (-6 + 5))?
-12
What is the value of 32 - (-25 - -61) - (0 - -15)?
-19
-17 - ((3 - -1) + 3) - (-16 + 11)
-19
(0 - -26) + (-1786 - -1760)
0
Evaluate (-1 - (-7 - -10)) + 9 + -2.
3
-10 - (-15 + (-16 - (-43 - -11)))
-11
Calculate -1 + -8 - (-9 + 21 + -34 + 25).
-12
What is the value of 3 + -26 - 1 - (16 + -15 - 4)?
-21
What is the value of 0 + 2 - 4 - 8 - -2?
-8
(18 + -38 - -48) + 0 + -12
16
22 + 1 + 7 + -4 + -10 - 0
16
What is (10 - (-3 - -13)) + (0 - -38) + -9?
29
-5 + (-2 - -5 - 2) + (-33 - -5)
-32
What is (7 - 4) + (9 - 0) + -6 + 4?
10
What is the value of (19 - (0 + 16 - -7)) + -12?
-16
599 + -575 + (1 - 23)
2
What is the value of (0 + -6 - (-19 - -10)) + 0?
3
Calculate (-1 - -23) + ((27 - -1) + -15 - 1).
34
Evaluate (8 - (8 + 9)) + (5 - 0).
-4
What is the value of -29 + 0 - (7 - 22)?
-14
(15 - (20 + -10)) + -27 + 6
-16
What is 6 - (-1 + 11 + (-1 - 5) - -15)?
-13
Calculate -7 - (-12 + 4) - -10.
11
What is the value of -8 + 6 + 5 + -4?
-1
What is 4 - (-1 + 8 + (-7 - 8))?
12
Evaluate -27 + (11 - 1) + (19 - 3 - 22).
-23
What is the value of (-12 - 6) + 1 + 7 - 4?
-14
Calculate 28 - (8 + 26 - 11).
5
Calculate 28 - (12 - (-34 + 23)).
5
What is 79 + -78 - (-3 + (-6 - 22))?
32
What is the value of -87 + 74 + 1 + 9?
-3
What is the value of (24 - -18) + -38 + (1 - 0) + 1?
6
(-2 - 4) + 7 + (5 - -5 - 1)
10
What is the value of (-1 - 15) + 12 - 1?
-5
What is the value of 8 + (-4 - (-12 + -2 + 9))?
9
Calculate -1 + -5 - -1 - (-9 + -2 + 16).
-10
What is the value of -28 + 6 + 25 - 27?
-24
Evaluate 37 + -35 + 0 + (-9 - 1).
-8
Evaluate -19 + (-4 - -11) - (0 + -20).
8
What is -9 - 3 - -5 - -17?
10
What is -151 - -165 - (30 + -1)?
-15
Calculate -2 + ((-10 - -21) + -26 + 13 - -16).
12
-7 - (7 + -14 - 2) - 15
-13
Evaluate -15 + 20 + -20 + 27.
12
What is the value of 9 + -30 + -21 + 7?
-35
What is (627 - 610) + (0 - 20)?
-3
Calculate -8 + (4 - 21) + 34.
9
22 + -9 + (-11 - -7) + -3
6
Evaluate (9 - -9) + -9 - 6 - 0.
3
What is (112 - 99) + 3 + -23?
-7
What is the value of -18 + 7 - (1 - 13)?
1
What is the value of -1 + (-11 + 2 + 20 - 1)?
9
What is 8 + (0 - (2 - (-4 - -7)))?
9
What is the value of 19 - (3 + -3 + 38)?
-19
Calculate -9 + -9 + 15 + (5 - 